*b**2 - b + 1. Let n(q) = 3*q - 1. Let i be n(2). What is t(i)?
-6
Let j = 4 - 3. Let b(x) = x + x + j + 2. Let d(o) = o**3 - 6*o**2 + 3*o + 6. Let k be d(5). Give b(k).
-5
Let r be ((-20)/25)/(4/(-10)). Let q(c) = -5*c + 0 + 1 + 2 + c**r. Let v be 4/(-10) + 22/5. Calculate q(v).
-1
Let y = 3 - 2. Let s = 12 - 12. Let t(u) = 7 + y + s*u + u. Determine t(-5).
3
Let n(j) = -4*j + 4*j**2 + 5*j - 21*j**2 + 14*j**2 - 1 - j**3. What is n(-4)?
11
Let p be (-1)/(-4) + 7/4. Let a(y) = -y**2 + y - 6. Let t(k) = -3*k**2 + 3*k - 17. Let r(q) = -17*a(q) + 6*t(q). What is r(p)?
-2
Let z be (-34)/10 + (-21)/35. Let w be (2/3)/((-10)/(-45)). Let n(d) = -3*d + 3*d**2 - 3 - 2*d - 1 + d**w. Give n(z).
0
Let d(s) = 6*s - 7. Let z(t) = -7*t + 8. Let v(q) = -5*d(q) - 4*z(q). Determine v(3).
-3
Let f(b) = -2*b + 4*b + 8 - 1 - 4*b. Let c = 9 - 4. What is f(c)?
-3
Let y(i) = i**3 + 7*i**2 + 5*i + 1. Let q be y(-6). Suppose 3*n - q = 17. Let m = -5 + n. Let g(j) = -j**3 + 2*j**2 + 2*j + 4. Calculate g(m).
1
Suppose -2*y - 5 = -15, 5*n = -4*y + 20. Suppose 0 = -n*p - p + 5. Suppose 2*c + 0*f - 23 = -p*f, -20 = -2*c - 4*f. Let i(r) = -2*r**2 + 6*r - 1. Give i(c).
-9
Let v(h) be the third derivative of -h**5/60 + h**4/24 - 2*h**3/3 + 6*h**2. What is v(3)?
-10
Let f = 16 - 15. Let t(v) = -v - 1. Let a(b) = -4*b + 3*b - 1 - 4. Let z(m) = f*a(m) - 2*t(m). What is z(6)?
3
Let n(p) = p + 1 - 2*p + 1 + 0. Give n(-4).
6
Let y(q) = q - 2. Let c(b) = -3*b + 6. Let r(s) = -6*c(s) - 17*y(s). Determine r(2).
0
Let a(r) = 8*r - 2*r - 6*r - r + 1. Let v(p) = -6*p - 1. Let b(z) = -a(z) + v(z). Give b(-2).
8
Let p = 55 + -58. Let s(c) = c**3 + 4*c**2 + c - 3. What is s(p)?
3
Let n(w) = -w - 2. Let o be ((2 + 1)/3)/(-1). Let m = -1 - o. Let p = -1 - m. Determine n(p).
-1
Let m(v) = 2 + 9 - v + 2*v + v**2 - 10. Suppose t - 6 - 3 = 0. Let l(d) = d**2 - 10*d + 7. Let s be l(t). Determine m(s).
3
Suppose 3*l - 8 = l. Suppose 3*s - s + l = 0. Let o(y) = y**3 + y**2 + y. Calculate o(s).
-6
Let z(n) be the third derivative of -n**6/120 - n**5/10 + n**4/6 + 2*n**3/3 + 16*n**2. Determine z(-6).
-20
Let h(i) be the first derivative of -i**3/3 - i**2/2 + 2*i + 10. What is h(0)?
2
Let o(w) = 9*w**3 + 7*w**2 - 15*w. Let f(i) = -5*i**3 - 4*i**2 + 8*i. Let p(k) = -11*f(k) - 6*o(k). What is p(-2)?
-4
Let y(f) = -f**3 - 6*f**2 - f - 5. Let z be (6/2)/((-4)/8). Determine y(z).
1
Let s(x) be the first derivative of -x**3/3 - 2*x**2 + 5*x + 11. What is s(-4)?
5
Let v(i) = 3*i**2 + 6*i - 5. Let h(s) = -s**2 - s + 1. Let l(r) = -5*h(r) - v(r). Suppose -5*f + 3*o = 3 - 1, 0 = 2*f + 2*o - 12. Give l(f).
6
Suppose -16 - 4 = -4*a. Let v(m) = 2*m**2 - 7*m + 7. Give v(a).
22
Let n(u) = 14*u**3 - 5*u**2 - 12*u - 12. Let g(b) = 5*b**3 - 2*b**2 - 4*b - 4. Let a(x) = 11*g(x) - 4*n(x). Let z = -3 + 6. Let t = z - 6. What is a(t)?
1
Let v(c) = c**3 - 2*c + 1. Let g(y) = y**2 - 3*y + 5. Let u(h) = -2*h**2 + 6*h - 11. Let b(a) = 7*g(a) + 3*u(a). Let w be b(3). Determine v(w).
5
Let i(t) = 2*t**2 + t - 1. Let q be i(1). Let m = 5 - q. Let o(f) = -2*f - 3. Determine o(m).
-9
Suppose -3*h + 1 = 2*r + 6, -r - 7 = 3*h. Let m(a) = a**r - a + 3 + 5*a - 3*a. Let v be (-4)/(-10) - (-34)/(-10). Give m(v).
9
Let h(l) = -3*l**2 + 2*l - 12. Let m(b) = -b**2 + b - 4. Let n(y) = 3*h(y) - 8*m(y). Determine n(-3).
-7
Let h(q) = 2*q**3 + q**2 - 3*q - 3. Let r = -43 + 41. What is h(r)?
-9
Let g(w) = -w - 1. Let x(m) = m**3 + 2*m**2 - 2*m + 1. Let i be x(1). What is g(i)?
-3
Suppose 0 = -3*p - 5*j - 15, 3*j = -6*p + 2*p - 9. Suppose 4*k = 4*q + 7 + 5, p = 4*q - 8. Let t(d) = 2*d. Give t(k).
10
Let n be (2/(-4))/((-1)/(-10)). Suppose 49 = 3*q - 5*r, 5*r + 6 + 35 = 2*q. Let s = q + n. Let y(z) = -z**2 + 2*z - 1. Give y(s).
-4
Let s(z) be the third derivative of z**6/120 + 3*z**5/20 + 11*z**4/24 - z**3/6 + 49*z**2. Calculate s(-8).
-25
Let g = 5 - 3. Let k(q) be the second derivative of 0 - 1/3*q**3 - q + q**g. Determine k(2).
-2
Suppose 33 = 4*k - 2*h + 11, -5*h - 15 = 0. Let w(c) = -4*c + 3. Determine w(k).
-13
Let s(y) = 3*y - 1. Let h(a) be the third derivative of -13*a**4/24 + a**3/2 + a**2. Let i(c) = -2*h(c) - 9*s(c). Calculate i(7).
-4
Let q(u) = -3*u + 3. Let x(s) = -4*s + 5. Let l(f) = -3*q(f) + 2*x(f). Calculate l(0).
1
Let z(k) be the first derivative of -k**2/2 - 2*k - 1. Let b be z(-8). Let s(v) = -v**3 + 7*v**2 - 4*v - 8. Give s(b).
4
Let d(i) = -i**3 + i**2 - 5. Suppose -3*w = -0*w - 5*u, -3*w + 4*u = 0. Calculate d(w).
-5
Let h(i) be the first derivative of 7*i - 1/3*i**3 - 3*i**2 + 4. Calculate h(-6).
7
Let x(t) = -t + 1. Let h(n) = -6*n + 4. Let s(w) = -h(w) + 5*x(w). Suppose 5*m + 20 = 0, -5*m + 3*m = 2*q + 12. Give s(q).
-1
Let c = -28 + 30. Let u(b) be the third derivative of 0*b - 1/3*b**3 + 0 + b**c + 1/24*b**4. What is u(5)?
3
Let t be (-2)/3 + (-4)/(-6). Let b(s) = -4 - s + 1 - 3 - 3. Give b(t).
-9
Let w = 5 + -1. Let a = 1 - w. Let m(j) be the third derivative of -j**6/120 - j**5/20 + j**4/12 - j**3/6 - 6*j**2. What is m(a)?
-7
Let s(r) = 5*r - 1. Suppose d = -2 + 4. Let k = 6 - d. Suppose 2*v - 6*v = -k*x + 12, 0 = -3*x - 3*v - 15. Give s(x).
-6
Let v(l) = -1. Let r(u) = u - 2. Suppose -3 + 7 = 4*h. Let w(y) = h*r(y) + 2*v(y). Suppose 0 = -s + 4*g - 3*g, 4*s + g - 20 = 0. Give w(s).
0
Let j(l) = -5 - 4*l + 8*l**3 - 9*l**2 - 9*l**3 + 0*l - 5*l. Calculate j(-8).
3
Let i(k) = -2*k - 4. Suppose 2*h = -q + 2, -3*h - q = -5 + 1. Let d(b) = -b**3 - 5*b**2 - 4*b + 5. Let u be d(-4). Let c = h - u. Calculate i(c).
2
Let z(t) = 15*t + 3. Let y be 25*(-1 + -1)/(-2). Suppose y = 3*g + 2*g + 5*i, -5*g + 57 = -3*i. Let x(d) = -7*d - 2. Let o(n) = g*x(n) + 4*z(n). Give o(-4).
6
Suppose -13*j = -8*j + 30. Let c(t) = t - 7. What is c(j)?
-13
Let n be ((-14)/(-35))/(2/10). Let f be n/(-1)*20/8. Let s(q) = -q**2 - 5*q + 3. Give s(f).
3
Let w(r) be the second derivative of -r**3/6 + r**2/2 + 3*r. Give w(5).
-4
Let w(a) = a - 3. Let u be -2*(3 - (-21)/(-6)). Suppose 2*t - t - u = 0. Suppose 4*s - 4*z - 4 = 0, -2*s - z - t = -12. Calculate w(s).
1
Let r(n) be the second derivative of n**4/12 + n**3/2 + n**2/2 - 12*n. Let b be (0 + -1)*(4 - 1). Determine r(b).
1
Let p = 0 + 3. Let o = -1 + p. Let k(f) = -3*f + 3*f - 2 - 4*f**2 + 4*f + o*f**3. Calculate k(2).
6
Let w(k) = -k**3 + k**2 - 3*k + 3. Suppose -2 = 2*u - 5*q - 1, -5*q + 15 = 5*u. Calculate w(u).
-7
Let q be (9/(-6))/((-3)/4). Let m(j) be the first derivative of j**4/2 - j**3/3 - j**2 - j + 1. Give m(q).
7
Let f(y) be the third derivative of y**9/60480 - y**8/4032 + y**6/720 - 7*y**5/60 + 3*y**2. Let l(a) be the third derivative of f(a). Calculate l(5).
1
Let j(h) = h**2 + 4*h + 2. Let l be j(-3). Let x(d) = -4*d**3 + 2*d**2 + 2*d + 1. What is x(l)?
5
Let z = 43 - 45. Let s(f) = 2*f**3 + 2*f**2 + 1. Calculate s(z).
-7
Let d(b) be the third derivative of -3*b**4/8 + b**3/6 - 15*b**2. What is d(3)?
-26
Let c(l) = -2 + l + l**3 - 3 + 3*l**2 + 6 + 2. Suppose 0 = 2*p - 4*m + 22, -6*p + 2*p - m = 8. What is c(p)?
0
Let g = 11 + -263/24. Let k(p) be the third derivative of -1/30*p**5 + 0*p + 1/6*p**3 - 1/60*p**6 + p**2 + g*p**4 + 0. Calculate k(-2).
7
Suppose 4*t + 11 = -9. Let w(a) be the first derivative of -1 - 1/3*a**3 - 3*a**2 - 6*a. Calculate w(t).
-1
Let s(n) be the first derivative of 6*n - 1/3*n**3 + 1/2*n**2 + 1/4*n**4 - 6. Determine s(0).
6
Let s(x) = -x**3 + 8*x**2 + x + 3. Let n be s(8). Let v(h) = -h**2 - 2*h - 2. Let b(r) = 2*r**2 + 4*r + 3. Let o(m) = n*v(m) + 6*b(m). Determine o(3).
11
Let y(x) = -6*x + 8. Suppose 4*d - d + 15 = -3*u, -5*d + 29 = -4*u. Let i(g) = -3*g + 4. Let j(c) = u*y(c) + 11*i(c). What is j(4)?
8
Suppose t - 4*j = -1, -3*j = 5*t - 2*j - 16. Let b(d) = 2*d + t*d + 3*d - 7*d - 4. What is b(0)?
-4
Let x = 44 + -49. Let n(r) be the second derivative of -r**4/12 - r**3/6 + r**2/2 + 2*r. Let p(s) = -s. Let v(f) = n(f) + 5*p(f). Give v(x).
6
Let q(l) = l - 8. Let r be 1/(-3)*(-84)/7. Determine q(r).
-4
Let w(g) = g**2 + 6*g - 11. Let y be w(-8). Let s(n) = -n**3 + 4*n**2 + 6*n - 2. Calculate s(y).
3
Let o(u) be the third derivative of 1/3*u**3 - 8*u**2 + 1/120*u**6 + 0 - 1/60*u**5 + 0*u**4 + 0*u. Calculate o(2).
6
Let q(p) = -p**3 - 5*p**2 - 4*p - 4. Let z(n) = -2*n**2 + 2*n. Let a(k) = -2*k**3 + k**2 + k. Let d be a(-1). Let r be z(d). Give q(r).
-4
Let 